ts digit of y?
4
Let o = -4390 + 11449. What is the tens digit of o?
5
Let o be 1 + ((-8)/20)/(2/970). Let t = 420 + o. What is the units digit of t?
7
Suppose 4*s - 20 = 4*t, 3*s = -t - t. Suppose -f - 2*f + 4*q + 521 = 0, 3*q = s*f - 349. What is the hundreds digit of f?
1
Let v(f) = -f**3 + 4*f**2 + 9*f - 18. Let w be v(4). Let p(t) = 2*t**2 - 31*t + 53. What is the hundreds digit of p(w)?
1
Suppose 0 = 26*u - 7051 - 9641. What is the tens digit of u?
4
What is the tens digit of -233 + 238 - -1*445*59?
6
Let a = -2067 + 2334. What is the units digit of a?
7
Let l(b) be the second derivative of b**3 - 2*b**2 + 16*b. Let d be l(2). Suppose -d*w = -3*w - 560. What is the units digit of w?
2
What is the ten thousands digit of 6/39 + 1413342/117?
1
Let u(x) = x**3 + 8*x**2 + 9*x - 14. Let y be u(-6). Suppose 0 = 4*a - 2*j - 826, -1034 = -5*a + y*j - j. What is the units digit of a?
5
Let q = 292 + -284. What is the units digit of q - 28/(7/1)?
4
Let s(r) = r**3 + 20*r**2 - 12*r - 27. Suppose -14*h - 159 - 121 = 0. What is the hundreds digit of s(h)?
2
Let p be (45/12)/(3/4). Suppose 3*y = -t + 539, -p*t - 2*y + 0*y = -2721. What is the tens digit of t?
4
Let q = 12 + -7. Suppose -p = m - 2*p - 5, -p = q*m - 31. Suppose -6*l - m*l + 1284 = 0. What is the tens digit of l?
0
Suppose 5*s - 3*m = 75, 0*s - s - 4*m = 8. What is the thousands digit of (-2 - (-17110)/s) + 57/342?
1
Suppose -4*k - 12*k = -48. Suppose k*h = -u + 4675, -3*u = -4*h - 0*u + 6255. What is the thousands digit of h?
1
Let d = -48378 + 141557. What is the hundreds digit of d?
1
Let s(q) = 10*q**3 - 109*q**2 + 26*q + 16. Suppose 65 = 5*g + 10. What is the tens digit of s(g)?
2
Suppose 5*i = -3*x + 97829, 0 = -2*x - 18*i + 21*i + 65232. What is the units digit of x?
3
Suppose 98*w = -16*w + 933432. What is the tens digit of w?
8
What is the units digit of 8/14 - 246687/(-49)?
5
Suppose 2*c = -5*u + 2760, -u - 2748 = -2*c - 0*c. Suppose 0 = 30*t - 35*t + c. What is the hundreds digit of t?
2
Let v(q) = q**3 + 36*q**2 + 241*q - 14. Let b be v(-9). Suppose 3*h + 5*s - s = -11, 2 = -4*h + s. What is the units digit of h - -116 - (b + -8)?
9
Let q(i) = -2*i**2 + 421*i - 35. What is the hundreds digit of q(60)?
0
Suppose 4*v + 3*z = 53, 2*v = -0*v + 4*z + 10. Let q(i) = v*i - 3*i + i - 2 + 16*i. What is the units digit of q(2)?
8
Let t = -55611 + 81282. What is the thousands digit of t?
5
Suppose 0 = 57*y - 928530 + 92671 - 957247. What is the units digit of y?
8
What is the units digit of (-34 - 60444)*15/(-30)?
9
Suppose -5*t + 4*i + 24 = -77, -i + 1 = 0. Let w = t - 18. Suppose -3*s + 6*s = -3*b + 219, 5*s = w*b + 397. What is the units digit of s?
7
Let f = 2074 + -2074. Suppose -2*o - 3*o + 50 = 0. Suppose o*u + 55 - 195 = f. What is the tens digit of u?
1
Suppose -4*j - 8170 = -9*j. Suppose -k - 5*g = -416, -3*k - 5*g + j = k. What is the units digit of k?
6
Suppose 23 = -r - 3*z, 4*z + 1 = -3. Let n be (-2)/(-10) - (4 - (-156)/r). Suppose 0 = 6*w - w + n*p - 990, -3*w - 5*p = -607. What is the tens digit of w?
9
Let n(w) be the third derivative of w**6/120 - 17*w**5/120 - 11*w**4/12 - 6*w**2. Let g(b) be the second derivative of n(b). What is the tens digit of g(15)?
7
Let w(v) = -2*v + 90. Let j = -26 + 22. Let a be 0/(-6 + j/(-1)). What is the tens digit of w(a)?
9
Let v(q) = 8*q**2 - 55*q - 76. What is the thousands digit of v(18)?
1
Suppose -2*l + 806 = -f, 3*f + 5*l - 2420 = 6*f. Let m = f + 2674. What is the hundreds digit of m?
8
Let r(x) = -x**3 - 21*x**2 - 26*x + 16. Let s be r(-20). Suppose 5*n - 163 = 4*b - 27, s = -4*b - 3*n. Let q = 107 + b. What is the units digit of q?
3
Suppose -k + 4*z = 6*z - 5537, -16607 = -3*k - 4*z. What is the tens digit of k?
3
Let q(w) = -w**2 - 3*w + 3. Let p(u) = 2*u - 3. Let t be p(0). Let m be q(t). Suppose 0*i + 168 = 5*y - i, m*i = 5*y - 164. What is the units digit of y?
4
What is the thousands digit of (-6)/4 - 34068/(-24)?
1
Suppose 4*a - 5*s = 7011, -2 = 3*s - 5*s. Suppose f = 3*u - 1054, -5*u = -4*f + 3*f - a. What is the hundreds digit of u?
3
Let b = -7216 + 10872. Suppose -14*s - b = -4*n - 12*s, 0 = 4*n - s - 3652. What is the tens digit of n?
1
Suppose 4*q - 14760 = -c + 6*c, -2*c = -3*q + 11070. What is the hundreds digit of q?
6
What is the units digit of (-44121)/(-11) - 7 - -2?
6
Suppose -4*n + 3*i = -0*i - 32, -4*n + 32 = 5*i. Suppose -n*w = -10*w. Suppose w = 2*z - 160. What is the tens digit of z?
8
Let o(w) = w**2 + 14*w - 106. Let j be o(-21). Suppose -j*m - 12768 = -60*m. What is the tens digit of m?
7
Suppose 29*u + 127520 = 45*u. What is the hundreds digit of u?
9
Let s = 62 - 35. Suppose -f = 2*q - 9, 3*f - s = -2*f - 4*q. Suppose 4*x - 826 = -f*x. What is the tens digit of x?
1
Let j(i) be the second derivative of -i**4/6 - 9*i**3/2 - i + 3880. Let n(u) = -2*u**2 + u + 1. Let v be n(2). What is the units digit of j(v)?
5
Suppose 228 = 7*m - 199. Let x = -61 + m. Suppose 4*u - 5*w + 2*w - 433 = x, 2*w = 4*u - 430. What is the hundreds digit of u?
1
What is the tens digit of (15 + -3)*2/(-8)*(-2 + -444)?
3
Let w be 4/(-14) - (-7337)/77. Let k = w + 47. What is the hundreds digit of k?
1
Let z(d) = 2*d**2 - 14*d + 4. Suppose 42 = 3*r - 3*v, 2*r - 9 = 5*v + 31. What is the units digit of z(r)?
4
Suppose 0 = 14*v - 47527 - 3550 + 2413. What is the thousands digit of v?
3
Suppose 2171*s - 2196*s + 127500 = 0. What is the units digit of s?
0
Suppose -86*i + 82*i = 8. What is the tens digit of 216 + -38 - i/2?
7
Suppose 3*o + 27 = 36. Suppose -15 = -3*t, -o*q = -8*q - 2*t + 1410. What is the tens digit of q?
8
Let n(c) = 10*c + 10. Let f be 4*((-5)/(-2) + -2). Suppose 6 = 3*a, 2*v + 2 = v + f*a. What is the units digit of n(v)?
0
Let f(x) = -9*x**2 + 2*x**2 + 2*x + 9 + 3*x + 4*x**2. Let l be f(-2). Let z(o) = -4*o + 6. What is the tens digit of z(l)?
5
Suppose -209 = -16*j + 79. What is the hundreds digit of -12*(0 - 3117/j)?
0
Suppose 5*d + 3*r = -20862, 37*d - 5*r = 39*d + 8360. Let k = d - -6065. What is the units digit of k?
5
Suppose b - 18 = -8*b. Suppose 5*h = -g + 11 + 2, -b*g = 4*h - 38. Suppose u - g - 56 = 0. What is the units digit of u?
9
Suppose -399498 = -61*j + 313775. What is the ten thousands digit of j?
1
Let f(w) = -115*w**3 - 2*w**2 + 5*w + 7. Suppose -6 - 9 = 3*i - 3*p, 4*p = -4*i + 4. What is the units digit of f(i)?
9
Suppose 6*b - 49 = -37. Suppose -6*c = b*c - 2224. What is the hundreds digit of c?
2
Let t(a) = -105*a + 8. Let s = -377 + 371. What is the hundreds digit of t(s)?
6
Suppose 0 = 5*b + 2*n - 91361 + 389, 2*b = -3*n + 36391. What is the thousands digit of b?
8
Suppose -37401 = -8*i - 13073. Suppose i = 12*h - 379. What is the hundreds digit of h?
2
Suppose 0 = 5*g - 3*g - 8, -38 = 2*k + 4*g. Let p = 457 - k. What is the units digit of p?
4
Let z(l) = -3*l + 59. Let d be z(13). Suppose 0 = 4*j + 4*f - 9*f - 20, d = -2*j - 5*f. Suppose j = 2*h + 14*h - 304. What is the units digit of h?
9
Let i(u) = 2*u**3 - 6*u**2 + 5*u - 5. Let f be i(6). Suppose 0 = -28*o - 6 + 2330. Suppose 3*d = o + f. What is the units digit of d?
8
Let p = -77 - -202. Suppose 0 = -4*h - 0*h + 12. What is the hundreds digit of p - (h + (-5 - -4))?
1
Let a be 10/(-4)*(-84)/35. Let f(x) = x**3 - 25*x**2 - 3*x + 15. Let r be f(25). Let i = a - r. What is the tens digit of i?
6
Suppose 0 = 15*o + 10*o - 310675. What is the tens digit of o?
2
What is the thousands digit of ((-1023)/(-62) + -14)*(-3)/(45/(-28074))?
4
Let x(c) = -c**3 + 7*c**2 - 10*c. Let g be x(5). Suppose 507 = -g*d + 3*d. Suppose -v + b = -d, -5*v + 539 + 304 = -4*b. What is the tens digit of v?
6
Let b = 9486 + 2586. What is the hundreds digit of b?
0
Let r = 181 + 177. Let w = -197 + r. What is the tens digit of w?
6
Let j(d) = 3*d**2 - 7. Let b(i) = -5*i**2 - i + 15. Let x(f) = 3*b(f) + 7*j(f). Let k be x(-2). Let n = k - -23. What is the tens digit of n?
4
Suppose 5*j = 2*h - 7676, 24*h + 5*j + 15342 = 28*h. What is the tens digit of h?
3
Suppose 4*i - 28 + 16 = 0. Let w(f) = -52*f**2 - 4*f + 4. Let s be w(i). What is the tens digit of (s/(-6))/(-2 - 32/(-12))?
1
Suppose -r = 4*k - 2*k + 1190, 1198 = -2*k - 5*r. Let o = -295 - k. What is the hundreds digit of o?
2
Suppose -g + 18 = -2*r, 13*r - 9*r + 5*g = -36. Let s(b) = -57*b + 95. What 